t is the remainder when 29261 is divided by 1234?
879
What is the remainder when 505504 is divided by 324?
64
Calculate the remainder when 23526 is divided by 831.
258
What is the remainder when 40584 is divided by 1927?
117
Calculate the remainder when 99280830 is divided by 51.
48
What is the remainder when 627908 is divided by 14?
8
Calculate the remainder when 103302 is divided by 17211.
36
Calculate the remainder when 783523103 is divided by 1092.
1091
Calculate the remainder when 26058 is divided by 840.
18
What is the remainder when 78354 is divided by 3564?
3510
What is the remainder when 1707557 is divided by 12?
5
Calculate the remainder when 30520645 is divided by 924.
1
What is the remainder when 882853 is divided by 12432?
181
Calculate the remainder when 666252 is divided by 43.
10
Calculate the remainder when 2734 is divided by 2344.
390
What is the remainder when 18006715 is divided by 637?
636
Calculate the remainder when 15197 is divided by 74.
27
Calculate the remainder when 424504 is divided by 810.
64
What is the remainder when 60243448 is divided by 3664?
3624
What is the remainder when 157889 is divided by 52616?
41
Calculate the remainder when 581079 is divided by 2767.
9
What is the remainder when 26613234 is divided by 49931?
11
What is the remainder when 15926273 is divided by 234?
233
What is the remainder when 31214341 is divided by 491?
489
What is the remainder when 196698 is divided by 193?
31
What is the remainder when 1534084 is divided by 113?
109
Calculate the remainder when 364754 is divided by 120135.
4349
Calculate the remainder when 395930 is divided by 112.
10
What is the remainder when 8142 is divided by 7202?
940
Calculate the remainder when 313977 is divided by 39228.
153
What is the remainder when 729544 is divided by 386?
4
Calculate the remainder when 282313 is divided by 74.
3
Calculate the remainder when 550633 is divided by 409.
119
Calculate the remainder when 1393918106 is divided by 3938.
3936
Calculate the remainder when 530977 is divided by 58951.
418
What is the remainder when 94943281 is divided by 1533?
1525
Calculate the remainder when 28329 is divided by 27590.
739
Calculate the remainder when 78259857 is divided by 35.
32
What is the remainder when 107993279 is divided by 3680?
3679
What is the remainder when 388032 is divided by 77458?
742
Calculate the remainder when 303086 is divided by 126.
56
What is the remainder when 611058 is divided by 305526?
6
What is the remainder when 9476261 is divided by 4738038?
185
What is the remainder when 5380598 is divided by 479?
470
Calculate the remainder when 3317182 is divided by 380.
162
What is the remainder when 22481549 is divided by 234?
233
What is the remainder when 8869026 is divided by 16734?
6
What is the remainder when 100488082 is divided by 1516?
22
What is the remainder when 919036 is divided by 2056?
4
Calculate the remainder when 1973363 is divided by 416.
275
Calculate the remainder when 1846445 is divided by 2015.
705
Calculate the remainder when 367334 is divided by 17.
15
What is the remainder when 1906 is divided by 278?
238
What is the remainder when 544932 is divided by 26?
24
What is the remainder when 786493 is divided by 3225?
2818
What is the remainder when 13827592 is divided by 909?
793
Calculate the remainder when 2953488 is divided by 2088.
1056
What is the remainder when 163742941 is divided by 1606?
1605
What is the remainder when 798223 is divided by 4613?
174
What is the remainder when 1036246 is divided by 1661?
1443
Calculate the remainder when 10824764 is divided by 4245.
14
What is the remainder when 369942500 is divided by 223?
218
What is the remainder when 68616138 is divided by 122748?
6
Calculate the remainder when 2342266 is divided by 2342245.
21
Calculate the remainder when 18730 is divided by 1260.
1090
Calculate the remainder when 25131288 is divided by 1692.
12
What is the remainder when 211506 is divided by 209?
207
Calculate the remainder when 4589432 is divided by 2294713.
6
What is the remainder when 714137 is divided by 872?
841
What is the remainder when 2975894 is divided by 188?
42
Calculate the remainder when 261609 is divided by 52207.
574
Calculate the remainder when 204266 is divided by 639.
425
Calculate the remainder when 271270 is divided by 58.
4
Calculate the remainder when 37939834 is divided by 1580825.
34
What is the remainder when 226269223 is divided by 455?
453
What is the remainder when 126200 is divided by 372?
92
What is the remainder when 10571018 is divided by 3523662?
32
What is the remainder when 1870815 is divided by 646?
645
What is the remainder when 1612 is divided by 865?
747
What is the remainder when 14268427 is divided by 110?
107
What is the remainder when 15088233 is divided by 22?
17
What is the remainder when 14199252 is divided by 1304?
1300
Calculate the remainder when 5639284 is divided by 11973.
1
Calculate the remainder when 1216361 is divided by 5658.
5549
Calculate the remainder when 4212724 is divided by 782.
90
Calculate the remainder when 825836 is divided by 825806.
30
What is the remainder when 1508621 is divided by 107755?
51
What is the remainder when 28532799 is divided by 1088?
1087
Calculate the remainder when 5045232 is divided by 6.
0
Calculate the remainder when 53730016 is divided by 25.
16
What is the remainder when 52849 is divided by 4872?
4129
What is the remainder when 248908 is divided by 1238?
70
Calculate the remainder when 287977 is divided by 5748.
577
Calculate the remainder when 137502 is divided by 6244.
134
Calculate the remainder when 63628876 is divided by 396.
388
Calculate the remainder when 2836520 is divided by 755.
740
What is the remainder when 1000904 is divided by 644?
128
Calculate the remainder when 165023 is divided by 3837.
32
Calculate the remainder when 4028057 is divided by 3049.
328
What is the remainder when 13962563 is divided by 33?
32
What is the remainder when 136563 is divided by 288?
51
Calculate the remainder when 893644 is divided by 117.
115
Calculate the remainder when 1192463 is divided by 464.
447
What is the remainder when 13494609 is divided by 13494586?
23
Calculate the remainder when 7647102 is divided by 303.
291
Calculate the remainder when 4206080 is divided by 18208.
32
What is the remainder when 1541879 is divided by 513910?
149
What is the remainder when 1529717 is divided by 509905?
2
What is the remainder when 4922508 is divided by 13750?
8
What is the remainder when 11673369 is divided by 12?
9
Calculate the remainder when 7932167 is divided by 236.
207
Calculate the remainder when 23653152 is divided by 1043.
1041
What is the remainder when 1054106 is divided by 11712?
26
Calculate the remainder when 7800 is divided by 125.
50
What is the remainder when 1098198 is divided by 84476?
10
Calculate the remainder when 26887943 is divided by 767.
758
What is the remainder when 15080854 is divided by 12?
10
What is the remainder when 1488136 is divided by 582?
544
What is the remainder when 1517229 is divided by 303412?
169
Calculate the remainder when 184019 is divided by 183993.
26
What is the remainder when 5663143 is divided by 25058?
35
What is the remainder when 125493 is divided by 66?
27
What is the remainder when 9754701 is divided by 912?
861
Calculate the remainder when 10694429 is divided by 142.
125
Calculate the remainder when 339111 is divided by 169547.
17
What is the remainder when 166352 is divided by 166320?
32
What is the remainder when 57407531 is divided by 8201071?
34
What is the remainder when 569560 is divided by 71191?
32
Calculate the remainder when 18064499 is divided by 103.
50
Calculate the remainder when 120151 is divided by 23400.
3151
Calculate the remainder when 303525 is divided by 2607.
1113
What is the remainder when 741323 is divided by 1716?
11
Calculate the remainder when 107555 is divided by 215.
55
What is the remainder when 12323113 is divided by 216?
97
Calculate the remainder when 24942 is divided by 6006.
918
What is the remainder when 39511778 is divided by 20622?
26
What is the remainder when 2643163 is divided by 782?
3
Calculate the remainder when 6204008 is divided by 134869.
34
What is the remainder when 6064 is divided by 